v(z) = -z - 5. Determine v(n).
3
Let d(p) be the third derivative of p**5/60 - 25*p**4/24 + 131*p**3/6 - 3*p**2 - p + 175. Determine d(13).
-25
Let g(k) = 32*k + 66*k - 142*k + 35*k + 5. Determine g(3).
-22
Let h = 63 - 9. Suppose 5*k - 19 + h = 0. Let l(b) = -22*b + 23. Let u(n) = 9*n - 11. Let i(c) = 3*l(c) + 7*u(c). Determine i(k).
13
Let x(v) = -191 + 71 + 60 - 3*v + 55. Suppose 3*n = -j - 15, -3*j - 10 = 2*n + j. Give x(n).
10
Let h(w) be the third derivative of w**6/60 - w**5/20 - w**4/8 - w**3/3 - 3*w**2 + 22*w + 3. What is h(3)?
16
Suppose 0 = 25*s + 104 - 4. Let i(u) be the third derivative of -u**6/120 - u**5/20 + u**4/24 - u**3/6 + u**2. Determine i(s).
11
Suppose -18 = -9*k - 0. Suppose 6*g - k*j + 20 = 2*g, 0 = -4*g + 4*j - 24. Let v(b) = b**2 - 4. Determine v(g).
12
Let v(c) = -178*c + 475 + 77*c - 464. Calculate v(1).
-90
Let m(q) = q**3 - q**2 + q - 4. Let b(u) = u**2 - 33*u + 262. Let y be b(20). Suppose -y*p = r - 2, 17*r + 21 = 3*p + 14*r. What is m(p)?
17
Let o be 8 - (7 + (3 - 4)). Let z(k) = -13 + 16*k**2 - 41*k**2 + k + 24*k**o. Determine z(0).
-13
Let d = -193 + 190. Let o(t) be the first derivative of t**2/2 + 3*t - 209. Give o(d).
0
Let t(z) be the first derivative of z**3/3 - 13*z**2/2 - 4941. Give t(14).
14
Suppose 13*o + 4*f = 8*o + 8, -4*o + 6 = 3*f. Suppose o = -p + p - 3*p. Let x(l) = -l**2 + l - 21. Determine x(p).
-21
Let b(m) = -m**2 - 2*m + 6 - 2*m + 0*m. Suppose 3*x = -12, -23*f + 21*f - x = 14. Determine b(f).
1
Let o(i) = i**2 + 5*i + 1. Suppose 0 = 5*b + 5*h - 90 - 65, -5*h = 4*b - 126. Suppose 19*t = b*t + 20. Calculate o(t).
-5
Let m(f) = 15*f - 45. Let d(o) = -13*o + 38. Let c(x) = -7*d(x) - 6*m(x). Give c(-7).
-3
Let m(x) = -x**2 - 7*x + 55. Suppose 48*r + 387 = 627. Calculate m(r).
-5
Let s(j) = 24 - j - 4*j - j - 72. Let q be s(-15). Suppose 0*c - q = -5*h - c, -5*c + 10 = 0. Let w(x) = x**2 - 7*x. Give w(h).
8
Let z(m) = 3*m + 5. Let i(j) = -4*j - 5. Let c(p) = 5*i(p) + 7*z(p). Determine c(-7).
3
Let a(l) = 2*l - 33. Let x be a(18). Suppose 18*p + 60 = x*p. Let c(f) = -f**3 - 3*f**2 + 4*f + 2. What is c(p)?
2
Let p(c) = -c**2 - 9*c + 6. Suppose 0 = -y - 5*w - 39, -w - 101 = 3*y - 2*w. Let j = 52 - y. Let a = j - 95. Give p(a).
6
Let c be 2 - -2*(-1)/4*0. Suppose -c*b = -4*w + 2, 3*w - 4*w = 3*b - 18. Let x(p) = -p. Let t(v) = -2*v + 1. Let n(j) = -2*t(j) + 3*x(j). Calculate n(w).
1
Let o(m) be the first derivative of -m**2 - 1/4*m**4 - 7 + m - m**3. Give o(-3).
7
Let v(a) = -378*a + 1893. Let j be v(5). Let d(l) be the third derivative of -l**4/8 + 8*l**3/3 + 2*l**2. Determine d(j).
7
Let h = 26575 - 26568. Let c(l) = 3*l**2 - 22*l + 43. Calculate c(h).
36
Let r be 68/7 + (-2)/(-7). Let v(y) = -239*y**3 - 58*y**2 - 4*y - 12. Let u(l) = 53*l**3 + 14*l**2 + l + 3. Let z(q) = -9*u(q) - 2*v(q). Determine z(r).
-13
Let m be (((-2)/(-5))/(-1))/((-6)/120). Suppose -4*u = -4*b + m, -5*b + u + 18 = -0. Let r(i) = 67*i - 30*i - 34*i + b*i**2. What is r(-2)?
10
Suppose 3*d = -4*j + 457, 2*j - d = 7*j - 574. Let y = 115 - j. Let b(k) = -k**2 + 5*k + k - 2*k + y*k. Give b(4).
0
Let k(j) be the first derivative of 7*j**2/2 + 81*j + 11143. What is k(-15)?
-24
Let o(t) = t**3 - 8*t**2 + 10*t - 6. Let i(a) = 5*a + 77. Let b = -244 - -230. Let n be i(b). What is o(n)?
15
Let n = -4932 - -4934. Suppose 4*m - k - 12 = 0, k + 5 = 2*m - 3. Let b(z) = z**2 + z + z**m + 2 + 2*z**2. What is b(n)?
20
Suppose 4*o - 24 = 4*j - 8*j, 5*o = 5*j. Let c(h) = 122 + 126 + o*h - 368 + 123. Calculate c(1).
6
Let l(f) be the second derivative of f**3/6 - f**2 + 269*f - 2. What is l(-13)?
-15
Let y(o) = 8*o + 141. Let d be y(8). Let r(a) = -a**2 + 11*a + 2*a**2 - d + 206. What is r(-6)?
-29
Let g(x) = -x**2 - 11*x - 33. Let k = 2451 + -2457. Determine g(k).
-3
Let q(m) = 3*m + 4. Let a be 1/(1 + ((-96)/9)/8). Let p be a - ((-8)/(-12) - (-138)/(-18)). What is q(p)?
16
Suppose 22 - 64 = 21*d. Let b(i) = i - 1. Let k(z) = -3*z**2 + 6*z - 1. Let c(t) = 4*b(t) - k(t). Determine c(d).
13
Suppose -2*x + 7 - 9 = y, -5*y + 8 = x. Let l(n) = 10*n**2 + 6*n**2 + 1481*n - 3 - 1485*n - 6*n**y. Determine l(-2).
45
Suppose -84 + 47 = 13*r + 171. Let n(w) = 5*w + 101. What is n(r)?
21
Suppose 3*z + 21 = -0. Let t(u) = -2*u**2 - 28*u - 11. Let v(f) = 2*f**2 + 23*f + 7. Let k(r) = 2*t(r) + 3*v(r). What is k(z)?
6
Let s(t) be the first derivative of t**7/840 + 11*t**6/360 + t**5/60 + t**4/8 - 73*t**3/3 - 77. Let j(w) be the third derivative of s(w). Give j(-11).
-19
Let i(g) be the first derivative of g**6/360 - g**5/24 + g**4/4 + 41*g**3/3 - 3. Let f(k) be the third derivative of i(k). Determine f(5).
6
Let u(p) = -5*p - 34. Let l = 2900 - 2906. Give u(l).
-4
Let t(v) = v + 7. Suppose -3*p = -3*l + 3, 4*p + 19 = -5*l + 3*p. Let x be l + (-36)/10*(-15)/(-6). Determine t(x).
-5
Let h(l) = 12*l + l**2 - 11*l - 7*l + 8. Let f be (5/6)/5 - 735/(-126). Calculate h(f).
8
Let l(y) = -y**3 + 18*y**2 - 100*y + 209. Let u be l(10). Let o be (-1)/(-2) - 9/(-6). Let c(v) = 8 - v - o*v + 2*v. Determine c(u).
-1
Let j(c) = 9*c**3 - c**2 + 4*c - 5. Let q(u) be the first derivative of -u**4/2 - u**3/3 - u**2/2 + u + 108. Let v(f) = -j(f) - 4*q(f). Calculate v(5).
1
Suppose a - 2*j + 309 = 306, -2*a - 3*j + 22 = 0. Let h(z) = 10*z**2 - 52*z + 8. What is h(a)?
-2
Let u(v) = -v**2 + 2*v - 3. Let o be (3/2 + -13 + 14)*-2. Let r be (o/(-3))/(4/108*9). What is u(r)?
-18
Let i be 45/6*16/24. Suppose -59 + 9 = i*o. Let z(h) = 2*h + 18. Give z(o).
-2
Let w(i) = -2*i**2 + 20*i - 34. Let l be w(2). Let m(j) = -4*j**2 - 2*j**2 + 5*j**2 + 4*j - 3*j. What is m(l)?
-6
Let d(o) = 108 - 43 + 7*o - 48 - 134. Determine d(16).
-5
Let z(h) = h**3 + h + 3. Let p(m) = m**2 - m - 4. Let w(b) = 2*p(b) + z(b). Calculate w(-2).
-3
Let i(x) = 3*x. Suppose -a + 30 = 2*a. Let v be a*-11 + (-4 - -4). Let q = 109 + v. Calculate i(q).
-3
Let j(y) be the second derivative of -23*y**3/6 + y**2 + 8*y + 126. What is j(1)?
-21
Suppose 14*d = 65 + 75. Let y(i) = 26*i - 266. Give y(d).
-6
Suppose 3*w + 12 = 6*w. Let v(f) = -f**2 + 24*f + 58. Let r be v(26). Let x(i) = -2 - 3*i + 3*i - i**2 + r*i. Give x(w).
6
Let f(w) = -13*w**3 + 92*w**2 - 25*w + 130. Let q be f(7). Let c(z) = 8*z - 40. Give c(q).
-8
Let u(p) = -p**2 - 4*p + 29. Suppose 0 = 2*q + 2*a + 12, 0 = -3*a + 5 + 1. What is u(q)?
-3
Suppose 3*a - 2*a + 3*x = -6, -3*a = 5*x + 6. Let p(j) = 26*j**2 + j**3 + a + 26*j**2 - 65*j**2 - 5*j + 16*j**2. What is p(-4)?
7
Let x = 22078 + -22057. Let b(v) = -20*v + 414. Calculate b(x).
-6
Let g(r) = -31*r - 127. Suppose -2*s + 28 = -4*v, -4*s - 1646*v + 1650*v + 20 = 0. What is g(s)?
-3
Let u(o) = -23*o**2 - 6*o + 7. Let n(q) = 15*q**2 + 4*q - 5. Let p(v) = 3*n(v) + 2*u(v). What is p(-2)?
-5
Let r(g) = g**2 + 8*g - 9. Suppose q - 10 = -5, 3*i - 472 = -5*q. Let l = i + -143. Suppose -3*c = -4*y - 42, -3*c = -0 - l. Give r(y).
0
Let k(n) = -1954*n**2 + 4*n - 1957*n**2 - n**3 + 3906*n**2 - 1. What is k(-3)?
-31
Let t(o) = 6*o - 9. Let a(s) = 639*s + 1913. Let p be a(-3). Calculate t(p).
-33
Let s(b) = 11*b + 4. Let j(v) = 9*v + 2. Let m(c) = -6*j(c) + 5*s(c). Calculate m(-12).
-4
Let y(b) be the first derivative of 10 + 2*b**2 + 1/12*b**4 + b**3 + 17*b. Let w(h) be the first derivative of y(h). Calculate w(-7).
11
Let b(y) = -9*y**3 - 200*y - 45 + 207*y + 51. Determine b(-1).
8
Let i(y) = 3*y**2 - 10*y + 8. Let u = -160 - -164. Let d(j) = -2*j**2 + 10*j - 8. Let p(w) = u*d(w) + 3*i(w). What is p(-10)?
-8
Let n = -93 - -189. Let d(m) = -3*m - 95 + 0*m + n + 0*m. Calculate d(-4).
13
Let n be (-5)/(210/7)*15*-2. Let o(h) = -10*h + 17. What is o(n)?
-33
Let h(s) be the third derivative of -13*s**7/2520 - s**5/120 + 11*s**4/8 - 75*s**2. Let n(u) be the second derivative of h(u). Calculate n(-1).
-14
Let k(p) = -p**2 + 24*p - 5 - 29*p + 0. Let s be ((-30)/(-12))/(2/12). Suppose -5*z - s = 10. Give k(z).
-5
Let i(g) = -68*g + 6 - 64*g - 32 - 62*g + 200*g. Suppose -34*l + 50 = -24*l. Give i(l).
4
Let w(h) be the third derivative of -1/24*h**4 + 43*h**2 + 0*h + 0 + 0*h**3. Give w(9).
-9
Suppose 3*u = 4 + 2. Let g(q) = -13 - u*q + q + 5. Let j be g(0). Let f(c) = -c - 6. What is f(j)?
2
Let x = -879 + 268. Let i = x + 609. Let h(a) = 2*a + 4. Determine h(i).
0
Let f(o) = 3*o**2 + 3*o + 2. Let n be -5*((-2)/(-1) + (12 - 13